ime factors of w?
37
Let b(k) = k**3 - 4*k**2 - 8*k - 3. Let d(o) = o**2 + o + 1. Let a(r) = b(r) + 5*d(r). Let w = 5 + -3. List the prime factors of a(w).
2
Let t = 1 + -1. List the prime factors of -3*3/(-1 - t).
3
Let c(o) = o**3 - 5*o**2 - 2*o + 2. Let l be c(5). Let x(r) = -r**2 - 9*r + 2. List the prime factors of x(l).
2, 5
Let h be (4 + 15)*2/(-2). Let j(n) = -7*n + 1. Let a be j(-4). Let w = a + h. List the prime factors of w.
2, 5
Suppose -5*w = -15, -2*r + 4*w - 3 = -17. Let a = r - -2. List the prime factors of a.
3, 5
Let v(i) = -i**3 + 4*i**2 - i + 3. What are the prime factors of v(-4)?
3, 5
Let j be (-2 + -2)*3/(-6). Let w be 5/(-2)*(-4)/2. Let y = w - j. List the prime factors of y.
3
Let j(h) = -h**3 + 6*h**2 + 4*h - 7. Let n be j(6). Let g = n + -11. What are the prime factors of g?
2, 3
Suppose 4*a - 3*m - 2*m = -3, m + 40 = -5*a. Let v(i) = -2*i + 10. What are the prime factors of v(a)?
2, 3
Let q(o) = -6*o**2 + 0*o**2 + 7*o**2 + 6 - 5*o. List the prime factors of q(6).
2, 3
Let i(w) = -10*w + 1. Let v = 5 - 6. List the prime factors of i(v).
11
Let o(y) = 40*y**3 + y**2 - 1. List the prime factors of o(1).
2, 5
Let v be (-31)/(-3) + 2/(-6). Suppose k + q + v = 3*q, 2*q = -k + 2. Let x = 4 - k. What are the prime factors of x?
2
Let m be (-22)/(-5) + 2/(-5). Let g = -3 + 7. Suppose 2*s + m*j = 14, -s - g*j = -8 - 3. List the prime factors of s.
3
What are the prime factors of (-158)/(-1) + (13 - 9)?
2, 3
Let t = 12 + -8. Suppose 0*i - 50 = -3*i + t*u, 0 = i - 2*u - 20. List the prime factors of i.
2, 5
Let a(l) = -9*l**3 - l**2 - 2*l + 1. Let d be a(-2). Let q = -43 + d. List the prime factors of q.
2, 3, 5
Let r = 0 - -2. Let a(u) = u**2 + 2*u. Let v be a(r). Let c = 17 - v. What are the prime factors of c?
3
Let n = -41 - -28. Let k(c) = -c**2 - 14*c + 15. List the prime factors of k(n).
2, 7
Suppose 0 = -2*p + 5*a - 15 + 52, 4*a + 45 = 3*p. Suppose 3*z - p - 13 = 0. Suppose 5*q = -5*l + 55, 2*l + z = 2*q - 3*l. List the prime factors of q.
3
Suppose 0 = 5*q - 5*c - 75, -5*q = 2*c + 3 - 71. Suppose 0 = 2*j - 3*j + q. List the prime factors of j.
2, 7
Suppose g - 28 = 2*o, -o - 4*o = -5*g + 125. Let v(c) = c**2 - 4. Let l be v(-6). Let r = l - g. What are the prime factors of r?
2, 5
Suppose -4*v + 6*l - l = -33, -v = -2*l - 12. Let x be 202/6 - 6/9. Suppose g + x = v*n + 3*n, 4*n + 4*g - 12 = 0. What are the prime factors of n?
2, 3
Suppose 3*x + 8 = 5*q - 11, -x - 13 = -3*q. Suppose 0 = 3*z - 5*z - x. What are the prime factors of (-1)/(z - 2)*6?
2
Let i be -1*5/1 + 2. Let y = i - -5. Suppose -32 = -5*h - 2*p, -3*h - y*p + 0*p = -20. What are the prime factors of h?
2, 3
Suppose -5*v + 2*p + 31 = 5*p, -4*p = 12. Let y(x) = -x - 2 + 2*x - 1 + 1. What are the prime factors of y(v)?
2, 3
Suppose 0*a = -4*l - 5*a + 11, 0 = -5*l - a + 19. What are the prime factors of l?
2
List the prime factors of 6*(8/(-3))/(-4).
2
Suppose -28*j + 537 = -25*j. What are the prime factors of j?
179
Let z = -3 + 13. Suppose v - 5 = -2*m + 5, 4*m - 6 = 5*v. Suppose -z = -v*s + 8. What are the prime factors of s?
3
Let m(o) = o**2 + 4*o - 10. What are the prime factors of m(4)?
2, 11
Suppose -2*m + 10 = 2. Suppose -m*f - 19 - 17 = 0. Let l = -2 - f. What are the prime factors of l?
7
Suppose 0 = -k - b - 3, -5*k - 3*b = -b. List the prime factors of k.
2
Let v(x) = -4*x**2 + 6*x - 6. Let f be v(4). Let z = f - -75. List the prime factors of z.
29
Let x = 179 + -107. What are the prime factors of x?
2, 3
Let h(f) = -f**2 + 7*f + 3. Let a be h(7). Suppose 5*i = 17 - 7. Suppose -i*k = -a*k + 2. What are the prime factors of k?
2
Let d = -10 + 10. Let y = 1 - d. Let q = y - -4. List the prime factors of q.
5
Let h be 10/(-6) + (-10)/(-15). Let s = 10 - h. What are the prime factors of s?
11
Let l be (-3)/(-3)*(0 + 1). Let d = 7 + l. What are the prime factors of d?
2
Suppose -6 = -0*w - 2*w. Suppose -d - 64 = -w*d. What are the prime factors of d?
2
Suppose 0 = -2*l + 8. Suppose 10 = -l*a + 9*a + 3*i, 3*a - 4*i = 35. What are the prime factors of a?
5
Let f = 9 + -6. Let n be -3 - 4/((-4)/f). Suppose n*a - 3*a + 57 = 0. What are the prime factors of a?
19
Suppose 10*p + 72 = 6*p. Let c be (-107)/15 + (-52)/(-390). Let u = c - p. What are the prime factors of u?
11
Let j = -45 - -117. What are the prime factors of j?
2, 3
Let x(a) = -a**2 - 8*a - 8. Let m be x(-6). Let c(h) be the second derivative of -h**5/20 + h**4/2 - 2*h**3/3 + h**2 - 22*h. List the prime factors of c(m).
2, 3
Suppose 0 = -5*i - 4 + 204. What are the prime factors of i?
2, 5
Let k(l) = -l + 9. Let m be k(7). Suppose 0 = -x - 2*x + 12. Suppose x*b + 75 = 3*r - 0*r, 15 = r + m*b. List the prime factors of r.
3, 7
Suppose -4*m + 4*w = -9*m - 77, 10 = 5*w. Let j = m - -26. What are the prime factors of j?
3
Suppose 6*g = 7*g - 51. What are the prime factors of g?
3, 17
Let k(c) = -c**3 - 8*c**2 - 6*c + 10. Let u be k(-7). Suppose 0 = -u*d + 4*j - 3, -4*d + 5 = -3*j + 2. List the prime factors of d.
3
Suppose -3*y - 3*j + 9 = 0, 3*j + 0*j = y + 9. Suppose 8 = 2*t - y*t. List the prime factors of t.
2
Let s(g) be the second derivative of g**3/6 - 2*g. Let n be s(7). Suppose -4*c = -9 - n. What are the prime factors of c?
2
Let t(u) = 3*u**2 + 3*u - 2. Let x be t(-3). Suppose 0*v - 2 = -v + 2*n, -4*n - x = -5*v. What are the prime factors of v?
2
What are the prime factors of 318/(-27)*-6 - (-4)/(-6)?
2, 5, 7
Suppose -4*g + 3*g + 77 = 5*o, 5*o = -2*g + 149. List the prime factors of g.
2, 3
Let k(h) = 23*h**3 - h. Suppose -2 = 5*s + 3. Let u be k(s). Let v = -13 - u. List the prime factors of v.
3
Let s(a) = a - 15. Let j be s(7). Let w(r) = 8 + 2 + 1 + 0*r + r. What are the prime factors of w(j)?
3
What are the prime factors of ((-51)/(-12))/((-3)/(-24))?
2, 17
Let f(u) be the third derivative of u**6/360 + u**5/40 - u**4/12 + u**3/3 + 2*u**2. Let r(o) be the first derivative of f(o). List the prime factors of r(2).
2
What are the prime factors of (262 - -3)/5 + -4?
7
Suppose 85 = 5*k + d, 5*k - 17 = 4*k - 2*d. Suppose k = -h + 2*h. What are the prime factors of h?
17
Let t(z) = 2*z - 15. Let x(j) = 3*j - 29. Let o(f) = 5*t(f) - 3*x(f). What are the prime factors of o(-6)?
2, 3
Suppose 6*n - 412 = -136. What are the prime factors of n?
2, 23
Let r(m) = -m**3 - 10*m**2 - 10*m + 8. Let g be (-5 - -11)/(4/(-6)). What are the prime factors of r(g)?
17
Let w(k) = k**3 - 2*k**2 - 3*k - 2. Let m be w(3). Suppose -4*f + l = -4*l + 65, 4*f = l - 77. What are the prime factors of (m - 3)*32/f?
2
Let n = 589 + -415. List the prime factors of n.
2, 3, 29
List the prime factors of (6/(-4))/(556/(-272) - -2).
2, 17
Let v be (-163)/15 + 8/(-60). Let w(c) = -c - 8. What are the prime factors of w(v)?
3
Suppose 456 = 4*u - 276. What are the prime factors of u?
3, 61
Suppose 380 = 3*z - 4*l, -6*z - l = -9*z + 374. What are the prime factors of z?
2, 31
Suppose -4*q + 5*r - 3 = -171, -4*r = -2*q + 90. What are the prime factors of q?
37
Let t(j) = -j**3 - 5*j**2 + 5*j + 1. Let o(c) = -c. Let w be o(7). Let s be t(w). Suppose -1 = -5*y + s. List the prime factors of y.
13
Suppose 4*d = -d + 15. Let y(s) = -s**3 + d + 0 + 3*s**2 + 3*s**2. List the prime factors of y(6).
3
Let r(x) be the third derivative of -x**5/60 - x**4/4 - x**3/2 - 2*x**2. List the prime factors of r(-4).
5
Suppose 4*b - 3*b = 109. What are the prime factors of b?
109
Let w(y) = 5*y**3 - 2*y**2 - 4. What are the prime factors of w(2)?
2, 7
Let v = 129 - 73. What are the prime factors of v?
2, 7
Let n be (-1 + 5)/((-4)/(-8)). Suppose 4*p = -0*p + n. Suppose i - 36 = -p*i. What are the prime factors of i?
2, 3
Let u = -4 + 6. Suppose -u*r + 8 = 2*r. Suppose 0 = 5*v + 3*z - 52, 5*z = 3*v + r*z - 36. List the prime factors of v.
11
Let f = 4 - 1. Let w = -7 + f. Let y = 3 - w. What are the prime factors of y?
7
Let x = 1 - -8. Let h = -53 + 23. List the prime factors of ((-12)/10)/(x/h).
2
Suppose 3 = 3*p - 0*p. Let i = 5 + p. What are the prime factors of i?
2, 3
Let v(g) = -g**3 - 10*g**2 + g + 19. List the prime factors of v(-10).
3
Suppose -8*y + 10*y = 60. What are the prime factors of y?
2, 3, 5
Let i(d) = d + 1. Let o be i(1). Let t = o - 1. What are the prime factors of t + -2 + (0 - -15)?
2, 7
Let f = 74 + -69. List the prim